 Let z be g(8). Suppose -z*d + 8 = 2. Suppose 98 = 2*t + 4*s, -3*s - 120 = -d*t - 0*s. List the prime factors of t.
43
Let w(l) be the third derivative of 41/12*l**4 + 1/2*l**3 + 0*l + 18*l**2 + 0. List the prime factors of w(1).
5, 17
Let j be 26/4 + (-2)/4. List the prime factors of (2/j)/(35/65205).
3, 23
Suppose 3*t = t + 40. Let u = t - 24. What are the prime factors of (-1760)/(-48)*(-6)/u?
5, 11
List the prime factors of ((-234)/(-156))/(3/7792)*50/4.
2, 5, 487
Let w = -16424 - -44496. What are the prime factors of w?
2, 11, 29
Let t = -73354 - -131644. What are the prime factors of t?
2, 3, 5, 29, 67
Let n(j) be the first derivative of -3/2*j**2 - 42 + 98/3*j**3 + j. What are the prime factors of n(1)?
2, 3
Suppose -t + 30439 = 3*s, 16*s = -2*t + 17*s + 60885. List the prime factors of t.
2, 31, 491
Let z(d) be the second derivative of -d**5/5 - 25*d**4/12 - 11*d**3/6 + 2*d**2 + 3*d - 15. List the prime factors of z(-9).
2, 7, 71
Suppose 3*c = -3*p - 9, 2*c - 4*p + 9 = 33. Let o = 79 - 77. Suppose -3*a + 168 = -a + w, o*a - c*w = 180. List the prime factors of a.
2, 43
Let t(l) = 3*l - 4. Let o be t(3). Suppose 3*u - 15 = -4*z + 741, u + 3*z - 247 = 0. Suppose -o*g + 69 = -u. What are the prime factors of g?
5, 13
Let m be 6/(-1*(-3 + 2)) - -553. Suppose 554*z = m*z - 3755. List the prime factors of z.
751
Let v = 53 - 56. Let k be (2820/(-18))/(2/v). Let n = k + -134. List the prime factors of n.
101
Let s = -15464 + 22671. Let l = s - -1011. What are the prime factors of (-18)/(-14) + -1 - l/(-49)?
2, 3, 7
Let w(j) = 38*j**2 - 15*j + 4. What are the prime factors of w(-14)?
2, 3, 1277
Let d(n) = -6*n**3 - n**2 - 4*n + 7. Let w be d(-4). Let s = -69 + w. List the prime factors of s.
2, 7, 23
Let m = -226 + 84. Let h = 289 + m. List the prime factors of h.
3, 7
Let d(y) = 833*y**2 - 1577*y - 1. What are the prime factors of d(7)?
11, 2707
Let u(d) = -2 + 3 - 4 + 12*d + 1. Let t be u(-1). Let y = t + 52. What are the prime factors of y?
2, 19
Let z(o) = 0 + 17*o**3 - 5*o**2 - 4 - 18*o**3 - 8*o - 4. Let a be z(-4). Let p = 227 + a. What are the prime factors of p?
5, 47
Suppose -2*v + 10 = 0, y + 2*v = -25 + 5. Let d = y - -34. Suppose -d*q + 155 = -f, 3*q - 68 - 32 = 4*f. List the prime factors of q.
2, 5
Let y(d) = 8*d + 2*d + 13 + 5*d. Let s(b) = -7*b - 7. Let a(q) = -7*s(q) - 4*y(q). List the prime factors of a(-4).
41
Let k(j) = -j**3 + 7*j**2 - j + 5. Let a = 44 - 37. Let r be k(a). List the prime factors of (-36)/2*(r - (-65)/(-15)).
2, 3, 19
Suppose 3*v - 2*w = -172 + 597, 0 = -4*v - w + 585. Let y be (v/20)/((-3)/(-48)). Suppose -120*d + 208 = -y*d. List the prime factors of d.
2, 13
Suppose 4*k = -5*r + 22767, -3*r - 990 = -5*k - 14628. List the prime factors of r.
3, 37, 41
Let a(v) be the first derivative of -v**2 + 3*v - 21. Let l be a(-3). Suppose n - 13 = -4*o, -4*o - 3*n + 32 = l. What are the prime factors of o?
2
Let t = 3171 + -4441. Let i = t + 2037. What are the prime factors of i?
13, 59
Let x = 79 - 93. Let y(z) = -z**3 - 14*z**2 - 14*z - 38. What are the prime factors of y(x)?
2, 79
Let k be (1615/(-30))/(-17) - 2/12. Suppose -l + u = -5*l + 4143, 0 = 3*u + k. List the prime factors of l.
2, 7, 37
Let c(u) = -4*u - 34. Let a be c(-9). Let p(g) = -3*g - 12. Let l be p(-5). Suppose 3*d = -y + 396, -4*d = -l*d - a*y - 125. What are the prime factors of d?
131
Suppose 0 = 139*p - 142*p + 6054. What are the prime factors of p?
2, 1009
Let b(a) = 1604*a + 2980. List the prime factors of b(10).
2, 3, 5, 317
Let a(c) = c**2 - 9*c + 22. Let i be a(4). List the prime factors of i/(-7) - (-5928)/21.
2, 3, 47
Let g be (-4199)/(-85) - (-4)/30*-3. Let v = g + -46. Suppose 0 = v*i - 449 + 125. What are the prime factors of i?
2, 3
Let g = 153 + -157. Let f(k) = 15*k**2 - 14*k + 2. What are the prime factors of f(g)?
2, 149
Let f be (32/(-24))/(8/(-36)). Suppose f*h - 1169 = -5*p + 5*h, h - 237 = -p. List the prime factors of p.
233
Suppose -197*k + 211*k = 299334. What are the prime factors of k?
3, 7127
What are the prime factors of 13*(-60)/5070 - 102286/(-13)?
2, 7, 281
Let v be 5/((-18)/56 - 1/(-4)). Let s = -64 - v. What are the prime factors of (-1 - (-232)/6) + (-4)/s?
37
What are the prime factors of ((-3738)/(-4))/(-3)*492/(-21)?
2, 41, 89
Let s = 25951 + -17832. What are the prime factors of s?
23, 353
Let d = 222 - 222. Let f(i) = -i**3 + 2*i**2 - 2*i + 60. What are the prime factors of f(d)?
2, 3, 5
Let k(s) = 515*s + 2424. What are the prime factors of k(6)?
2, 3, 919
Suppose t = -7*p + 4729, 3*p + 1551 = 2*t - 7839. List the prime factors of t.
3, 1567
Let v(f) = 2*f**2 - f - 53. Suppose 0 = 6*x - 105 + 177. What are the prime factors of v(x)?
13, 19
What are the prime factors of (-7)/(728/16) - 79252/(-26)?
2, 3, 127
Suppose -3*c = -3*x - 12, c + 4*x - 2 - 7 = 0. Let g(m) = 4*m**2 + m + 2. What are the prime factors of g(c)?
107
Suppose -4*d - 2*q + 770 = 0, -d + 127 + 83 = 4*q. Suppose -w + 1 = 0, -6*c = -5*c - w - 10. Suppose -c*g + 349 + d = 0. List the prime factors of g.
7
Suppose -4*h - b = -80892, 1308*h - 4*b + 40432 = 1310*h. What are the prime factors of h?
2, 79
List the prime factors of (-2)/8*737240/(-175)*(-125)/(-10).
5, 2633
Let q = -54181 - -77878. What are the prime factors of q?
3, 2633
Let a = 18432 - 9661. What are the prime factors of a?
7, 179
Let s be (-260)/(-15) - (-8)/(-24). Suppose s*j - 146 = -m + 21*j, -4*m + 5*j = -617. List the prime factors of m.
2, 79
Suppose 4*j = 379 + 129. Suppose -2*t - 195 = j. Let x = t - -246. List the prime factors of x.
5, 17
Let r(j) = 11*j**2 + 2*j**3 - 3*j**3 + 5*j - 16 + 0. Suppose 9*w + s = 4*w + 55, -4*w = 5*s - 44. List the prime factors of r(w).
3, 13
Let d = -3150 + 1953. Let t = d - -3007. What are the prime factors of t?
2, 5, 181
Let r(m) = m**2 - 23*m + 32. Let i(p) = p**3 + 6*p**2 + 3*p - 8. Let b be i(-4). Let h be r(b). List the prime factors of 0 + -2 + (4 - h).
2, 3, 17
List the prime factors of -277580*2*(-17)/340.
2, 13879
Suppose 3*p - 2*o = -101, -2*p + 5*o - 38 = -p. Let j(y) = -13*y - 45. List the prime factors of j(p).
2, 3
Suppose 7*h - 11*h = 8. Suppose 1953 = 6*d - 3483. List the prime factors of 2/10*h - d/(-15).
2, 3, 5
Let o(t) = 87*t**2 - 32*t + 141. List the prime factors of o(6).
3, 13, 79
Suppose -7090 = -c + 4*x, -251*c - 14160 = -253*c + 4*x. What are the prime factors of c?
2, 5, 7, 101
Suppose -17989 + 193411 = 3*x + 4*w, -3*w + 58459 = x. List the prime factors of x.
2, 29243
Suppose 16*a = 17*a - 3. Suppose -2*d + 5*t = -1, 3*d + a*t = 17 - 5. Suppose j - 6*j + 55 = -5*u, -d*j + 25 = -5*u. List the prime factors of j.
3, 5
Let c(g) = -2*g**2 + 26*g + 27. Let f be c(11). Suppose f*m = 65*m + 9876. List the prime factors of m.
2, 823
Let m be 0 + (8/1 - (7 + -9)). Let y be (m/(-4))/(3/174). Let o = y - -204. List the prime factors of o.
59
Let n(g) = 340*g**3 + 4*g**2 - 7*g - 8. Let b be n(-4). Let x = b + 9675. List the prime factors of 2/(-9) + 0 - x/99.
11
Suppose 6*v - 27 + 3 = 0. Suppose 11 = 5*t + v*k - 8, -2*k = -3*t + 7. Suppose -t*f = f - 24. What are the prime factors of f?
2, 3
Let w be (-30)/(0 + -5) - -134. What are the prime factors of ((-2842)/w - 1/5)*-22?
11, 41
Let y(p) = p**3 + 5*p**2 - 5*p - 19. Let q be y(-6). What are the prime factors of (-12780)/q + 4/(-20)?
7, 73
Let k(q) = -65*q + 20. Suppose 4*x = -4*w + 2*x - 10, w + 30 = 5*x. What are the prime factors of k(w)?
3, 5, 23
Suppose -5*t + 11*t - 1170 = 0. Let g = -88 - t. Let y = g + 416. What are the prime factors of y?
7, 19
List the prime factors of (-30)/(-60)*(-6)/(-4)*3676.
3, 919
Let w be (0 + 2)/(2/48). Suppose -9*f = -18*f + 558. Let m = f - w. What are the prime factors of m?
2, 7
Let v(h) = h**3 - h**2 - h + 1320. Let q be v(0). Suppose t = -5*o + q, 7*t = 4*o + 2*t - 1056. What are the prime factors of o?
2, 3, 11
Suppose 0 = -0*k + k + 4. Let f be 2 - (-6 - k) - 68. Let c = 91 + f. List the prime factors of c.
3
Let h = 20 - 15. Suppose -181 = -4*p + h*g, 4*p - 3*p + 2*g - 29 = 0. Let s = 65 - p. What are the prime factors of s?
2, 13
Let h be (-1 - 12/(-4))*9/(-6). What are the prime factors of 15/(-5) - h - -53?
53
Let m = -110 + 32. Let f = m - -157. What are the prime factors of f?
79
Suppose 25*f - 15 = 20*f. Suppose -5